-27 - -98. List the prime factors of y.
71
Let w(z) = z - 3. Let a be w(3). Suppose 0 = 3*r + 2*h - 15, -h = -3*r - a*r + 6. What are the prime factors of r?
3
Let f = 18 + -12. Let u = 23 + -13. Let l = f + u. What are the prime factors of l?
2
Let k be 2/10 - (-1496)/20. Suppose -3*o + k = -3*n, 0*o + 5*n = o - 33. What are the prime factors of o?
23
Let u(f) be the second derivative of f**3/6 - 10*f**2 + 4*f. Let h be u(0). Let m = h + 41. What are the prime factors of m?
3, 7
Let b be 0 + 2 + (4 - 0). Let c = 1 - b. What are the prime factors of (-5 - -3 - 1)*c?
3, 5
Let l(g) = 5*g**2 + g. Let p be l(-1). Suppose -5*c + 19 = j + j, -p*c = -4*j - 32. What are the prime factors of 17 - (5 + j + 0)?
3, 5
Suppose d = 2*z - 42 - 52, 3*z - 135 = 3*d. What are the prime factors of z?
7
Let b(x) = 4*x + 61. List the prime factors of b(-9).
5
Suppose 0*i = 5*h - 2*i - 6, 5*h + 3*i - 16 = 0. Suppose -3*z + 107 = -3*b + h*b, -4*z - 2*b + 136 = 0. What are the prime factors of z?
5, 7
Let w = 20 - 6. Let n = w + -6. What are the prime factors of n?
2
Let p be 205/(-65) + (-4)/(-26). Let k(u) = -3*u + 2. What are the prime factors of k(p)?
11
Let s(n) = 11*n + 15. What are the prime factors of s(0)?
3, 5
Suppose -88 = -3*o - 4. Let s = o + -19. List the prime factors of s.
3
Suppose 4*u = 2*a + 27 + 1, 3*u = -2*a + 14. Let j = 0 + u. What are the prime factors of j?
2, 3
Let h = -73 - -121. What are the prime factors of h?
2, 3
Let k(h) = -h**3 + 3*h**2 + 6*h - 3. Let b be k(4). Suppose 3*c + 6 + 0 = -b*w, c = -2. Suppose 4*y - 2 - 14 = w. List the prime factors of y.
2
Suppose -2*x = -3*x. Suppose -5*c + 0*c + 30 = x. What are the prime factors of c?
2, 3
Let g(k) be the second derivative of k**3/6 + 4*k**2 + 3*k. Let x be g(-5). Suppose -2*y - 2*y = 3*t - 58, y = x*t - 53. What are the prime factors of t?
2, 3
Let i = 1 - -39. List the prime factors of i.
2, 5
Let a be -1*3*(-8)/12. Suppose 2*v + 42 = 4*v - b, -v - a*b = -31. What are the prime factors of v?
23
Let k be (6/(-5))/((-3)/90). Suppose 7*i - 2*i - y = 74, 5*y - k = -4*i. List the prime factors of i.
2, 7
Suppose 3*h = 3*u + 6*h - 402, -25 = -5*h. What are the prime factors of u?
3, 43
Let a = 583 + -230. What are the prime factors of a?
353
Let y(g) = -g**2 - 7*g - 5. Let f = 7 - -14. Suppose -3*a = f - 9. What are the prime factors of y(a)?
7
Let h = -31 + 302. List the prime factors of h.
271
What are the prime factors of 1/((-330)/(-327) - 1)?
109
Let u = -1 + 0. Let z = u - -3. What are the prime factors of z?
2
Let k = -21 - -6. Suppose 0 = 5*g + 20, 4*g + 4 = -c - 19. Let p = c - k. List the prime factors of p.
2
Suppose -2*u + 33 = -3*j, -j + u + 3*u - 1 = 0. What are the prime factors of j/(-2) - (-2)/4?
7
Let x be (16/(-24))/((-1)/(-18)). What are the prime factors of (40/x)/(1/(-6))?
2, 5
List the prime factors of -3 - (-5 - 0) - -94.
2, 3
Let h = 664 - 356. What are the prime factors of h?
2, 7, 11
Let a(o) = -19*o + 2. Let v be a(-3). Let l = 99 - v. Let w = l + -29. List the prime factors of w.
11
Let g(a) = -a**2 + 3*a + 5*a + 3 + 2*a**2. Let w be g(-8). Suppose 0 = -0*f - w*f + 36. What are the prime factors of f?
2, 3
Let z = 171 - 298. Let w = 6 - z. What are the prime factors of 6/27 + w/9?
3, 5
Suppose 2*l - 3*l + 4 = 0. Let y = 22 + -19. Suppose 0 = y*j + 6, -5*j = l*b - 22 - 44. List the prime factors of b.
19
Let b = -24 + 24. What are the prime factors of (1 - -1) + b + 50?
2, 13
Suppose 4*s = -3*l + 158, -4*s + 168 = 4*l - 6*l. List the prime factors of s.
41
Suppose b + 38 + 31 = 0. Let m = 106 + b. List the prime factors of m.
37
What are the prime factors of (-1 + (-107)/(-4))*8?
2, 103
Let l = 7 - 3. Suppose -5*p = -l - 11. What are the prime factors of p?
3
Suppose 5*r + 2*s - 9 = 0, -r + 0*r - 2*s = -5. What are the prime factors of (3 - 2)*10/r?
2, 5
Let j(a) = a**2 - a - 3. Let o be j(-3). Let y = -5 + o. Suppose 0 = 4*c - i - 41, 0*i + 4*i - 36 = -y*c. List the prime factors of c.
2, 5
Let q = -6 - 14. Let z = -9 - q. What are the prime factors of z?
11
Let u = 7 + -16. Let n(s) = s**2 + 8*s + 1. List the prime factors of n(u).
2, 5
Let l(t) = -2*t + 2 + t + 2*t. What are the prime factors of l(6)?
2
Let t(u) = -u**2 + 11*u - 4. List the prime factors of t(8).
2, 5
Let j = 14 - -42. What are the prime factors of j?
2, 7
Let q(w) = 4*w + 7. Let c be q(-5). Let s = 6 + c. Let h(o) = -o**3 - 7*o**2 - o. List the prime factors of h(s).
7
Suppose 5*f - 3*d - 2*d - 100 = 0, 4*f + 2*d - 80 = 0. Suppose 3*b - 24 = 4*u, -40 = 4*u + b - 0*b. Let g = u + f. What are the prime factors of g?
11
Let t be -3 - (6/3 + -34). Let p = t + -20. What are the prime factors of p?
3
Suppose -4*p + 2*p = q - 9, 3*q = 2*p + 59. Let m = 7 + q. List the prime factors of m.
2, 3
Suppose -4*n + 5*n = 5*l - 2, 0 = -2*l + 2. Suppose 6*h - 12 = n*h. List the prime factors of h.
2
What are the prime factors of 1*6/((-36)/(-1038))?
173
Let b(j) = j. Let z be b(-1). Let l be 1*-3 - z - -12. Let f = l + -3. What are the prime factors of f?
7
Let k = 16 - -38. Suppose -9 = -4*m + 3. Suppose -k = -m*j - 18. What are the prime factors of j?
2, 3
Suppose -3*q - q + 5*f = -569, 2*f - 562 = -4*q. List the prime factors of q.
3, 47
Let k(u) = -1. Let r(z) = z**2 - 7*z + 1. Let s(i) = -k(i) + r(i). Let h be s(7). Suppose 4*d + 0*g + h = 5*g, -5*g = 3*d - 16. What are the prime factors of d?
2
Let n be 2/(-2 - -1) + 4. Suppose -2*l + 18 = n. What are the prime factors of l?
2
Suppose -i - 2*h = 3*h - 8, -37 = -2*i - 3*h. Let p = -7 - -11. Suppose 0 = -5*a + p*y + i, -4*a - 3*y + 9 = a. What are the prime factors of a?
3
Suppose -4*n = -j - 200, 4*j = -6 - 10. Let u = n - 35. List the prime factors of u.
2, 7
Suppose 2*b + 47 = 3*b. What are the prime factors of b?
47
Let q be (4/6 + -1)*-27. Suppose h + 3*b - 4*b - q = 0, -57 = -5*h - b. List the prime factors of h.
11
Let d(l) = -l + 2. Suppose 0 = -0*q + 4*q - 20, 5*a + 4*q = -10. List the prime factors of d(a).
2
Suppose -3*m + b - 11 + 1035 = 0, 0 = -3*m - 3*b + 1032. What are the prime factors of m?
2, 3, 19
Let r be ((-6)/(-18))/(2/18). Suppose -r*q = -4*q + 4. Suppose 7 = q*i - 1. List the prime factors of i.
2
Suppose -460 = -6*m + m. What are the prime factors of m?
2, 23
Let y(d) = -d + 13. Let u be y(9). Suppose -3*k + 2*x = -57, 0 = k - 5*k + u*x + 80. List the prime factors of k.
17
Let i(m) be the second derivative of -m**5/20 - m**4/3 - 2*m**3/3 - 3*m**2 - 4*m. What are the prime factors of i(-4)?
2, 5
Suppose -5*k + 3 = f, 10 = -4*f + 2*k - 0*k. List the prime factors of (28/12)/(f/(-12)).
2, 7
Suppose 0 = -3*v + v + 56. What are the prime factors of v?
2, 7
Suppose y = 2*y - 31. What are the prime factors of y?
31
Suppose 0 = -3*k + 5*k - 118. List the prime factors of k.
59
Let v be (-1)/(21/(-30))*7. Let p be 3 - 1 - 1*v. What are the prime factors of (-153)/(-12) + 6/p?
2, 3
Let n(v) = v**2 + 4*v + 4. What are the prime factors of n(-5)?
3
Let u(m) = m - 3. Let y be u(6). Suppose q + 0*q = -2*p - 4, q = -2. What are the prime factors of p - (y/3 + -4)?
2
Suppose -4*x + 52 = 3*m, 2*m - 38 - 20 = -5*x. List the prime factors of 194/x - 6/(-10).
2, 5
Let w = -72 - -102. What are the prime factors of w?
2, 3, 5
Let x be ((-1)/3)/(3/(-18)). Let h = -1 + x. Let y = h - -3. List the prime factors of y.
2
Let d = -15 + 15. Suppose l + 3*l - 40 = d. List the prime factors of l.
2, 5
Suppose -u - 5*x = u - 69, 0 = 5*u - 5*x - 120. Suppose u = 5*q - 23. What are the prime factors of q?
2, 5
Suppose 0 = -0*l + l + 5*u + 16, 0 = 3*l - 4*u - 47. Let o(a) = a**2 + 3*a + 3. Let p be o(-4). Let q = l + p. List the prime factors of q.
2
Let r be (65/2)/5*2. Let w = -8 + r. List the prime factors of w.
5
Suppose 0 = -2*k - 2*k. Let s be k + (0 - 0) + -3. What are the prime factors of -1*(2 + s + -1)?
2
Let d = -120 - -202. List the prime factors of d.
2, 41
Suppose -41 = 5*k - 201. What are the prime factors of k?
2
Let d = 96 - 14. List the prime factors of d.
2, 41
Let a = -26 - -73. Suppose -a = -b - 6. List the prime factors of b.
41
Let y = 12 + -10. Let o = y + 6. List the prime factors of o.
2
Let l(w) = w**2 + 2*w - 1. Let g be l(-3). What are the prime factors of (1/g)/(5/50)?
5
Suppose -4*v = -n + 67, v = -v + 5*n - 47. Let h be -2*1 +